{"id":4902,"date":"2025-02-19T06:27:53","date_gmt":"2025-02-19T06:27:53","guid":{"rendered":"https:\/\/www.nasuatravel.com\/2025\/?post_type=product&#038;p=4902"},"modified":"2025-09-11T23:03:46","modified_gmt":"2025-09-11T23:03:46","slug":"coffee-tour","status":"publish","type":"product","link":"https:\/\/www.nasuatravel.com\/2025\/product\/coffee-tour\/","title":{"rendered":"Coffee Tour"},"content":{"rendered":"<p>Let&#8217;s learn about one of the most famous coffee brands in Costa Rica, we will travel to Heredia province and there we will enter to Britt, they will teach us about coffee and chocolate production, Costa Rica coffee history, the experience of roasting and tasting with a visit to the buttefly garden.<\/p>\n<p>Conozcamos una de las marcas de caf\u00e9 m\u00e1s famosas de Costa Rica, viajaremos a la provincia de Heredia y all\u00ed ingresaremos a Britt, nos ense\u00f1ar\u00e1n sobre la producci\u00f3n de caf\u00e9 y chocolate, la historia del caf\u00e9 de Costa Rica, la experiencia de tostarlo y degustarlo con una visita al jard\u00edn de mariposas.<\/p>\n<p>Included\/Incluido<\/p>\n<ul>\n<li>Transportation\/Transporte<\/li>\n<li>Entrance Fee\/Tarifa de entrada<\/li>\n<\/ul>\n","protected":false},"excerpt":{"rendered":"<p><strong>Join us for this one-of-a-kind experience! We\u2019ll share the secrets hidden behind a delicious cup of gourmet coffee.<\/strong><\/p>\n<p><strong>\u00a1Viva una experiencia \u00fanica! Compartiremos con usted los secretos que se esconden detr\u00e1s de una deliciosa taza de caf\u00e9 gourmet.<\/strong><\/p>\n","protected":false},"featured_media":4903,"comment_status":"open","ping_status":"closed","template":"","meta":[],"product_brand":[],"product_cat":[72],"product_tag":[],"class_list":{"0":"post-4902","1":"product","2":"type-product","3":"status-publish","4":"has-post-thumbnail","6":"product_cat-culture","8":"first","9":"instock","10":"virtual","11":"purchasable","12":"product-type-simple"},"_links":{"self":[{"href":"https:\/\/www.nasuatravel.com\/2025\/wp-json\/wp\/v2\/product\/4902","targetHints":{"allow":["GET"]}}],"collection":[{"href":"https:\/\/www.nasuatravel.com\/2025\/wp-json\/wp\/v2\/product"}],"about":[{"href":"https:\/\/www.nasuatravel.com\/2025\/wp-json\/wp\/v2\/types\/product"}],"replies":[{"embeddable":true,"href":"https:\/\/www.nasuatravel.com\/2025\/wp-json\/wp\/v2\/comments?post=4902"}],"wp:featuredmedia":[{"embeddable":true,"href":"https:\/\/www.nasuatravel.com\/2025\/wp-json\/wp\/v2\/media\/4903"}],"wp:attachment":[{"href":"https:\/\/www.nasuatravel.com\/2025\/wp-json\/wp\/v2\/media?parent=4902"}],"wp:term":[{"taxonomy":"product_brand","embeddable":true,"href":"https:\/\/www.nasuatravel.com\/2025\/wp-json\/wp\/v2\/product_brand?post=4902"},{"taxonomy":"product_cat","embeddable":true,"href":"https:\/\/www.nasuatravel.com\/2025\/wp-json\/wp\/v2\/product_cat?post=4902"},{"taxonomy":"product_tag","embeddable":true,"href":"https:\/\/www.nasuatravel.com\/2025\/wp-json\/wp\/v2\/product_tag?post=4902"}],"curies":[{"name":"wp","href":"https:\/\/api.w.org\/{rel}","templated":true}]}}